{"id":65,"date":"2013-01-06T13:13:09","date_gmt":"2013-01-06T13:13:09","guid":{"rendered":"http:\/\/wasserschach.de\/?page_id=65"},"modified":"2021-05-19T20:22:08","modified_gmt":"2021-05-19T19:22:08","slug":"segelnummern","status":"publish","type":"page","link":"https:\/\/wasserschach.de\/?page_id=65","title":{"rendered":"Segelnummern"},"content":{"rendered":"<p>Die Segelnummern in der Formula16 Klasse sind, sofern noch nicht registriert\/vergeben, frei w\u00e4hlbar und bleiben\u00a0<b>f\u00fcr die Dauer der Mitgliedschaft<\/b>\u00a0der Eigner\/Steuerleute in deren Besitz. D.h., dass auch bei einem Bootswechsel die Nummer erhalten bleibt. Die Formula16 Klassenvereinigung ver\u00f6ffentlich hier eine Liste mit bereits registrierten Segelnummern<\/p>\n<p>Bei der Beantragung der Mitgliedschaft k\u00f6nnen Bootseigner und Steuerleute eine freie Nummer w\u00e4hlen, die KV wird diese dann nochmals pr\u00fcfen und freigeben.<\/p>\n<p>(Hinweis: Laut ISAF-Regel und Klassenvorschrift der internationalen Formula16 Klassenvereinigung sollen Segelnummern dreistellig, ggf. mit f\u00fchrenden Nullen sein. Dies ist zwar oft nicht der Fall und kann bei Meisterschaften vom Vermesser bem\u00e4ngelt werden.)<\/p>\n<p>\u00a0<\/p>\n<pre>GER\t1\nGER\t002\nGER\t3\nGER\t4<br \/>GER     6\nGER     005\nGER     007\nGER     010\nGER\t11<br \/>GER     12\nGER     13\nGER     16\nGER     24\nGER     046<br \/>GER     53<br \/>GER     60\nGER\t69<br \/>GER     99\nGER\t111\nGER\t210\nGER     215\nGER\t222\nGER\t333\nGER     500<br \/>GER     555<br \/>GER     5579\n\n\u00d6sterreich\t\nAUT     125<br \/>AUT\t311<br \/>AUT     503\n\nLuxemburg\nLUX\t007<\/pre>\n\n\n<p><\/p>\n","protected":false},"excerpt":{"rendered":"<p>Die Segelnummern in der Formula16 Klasse sind, sofern noch nicht registriert\/vergeben, frei w\u00e4hlbar und bleiben\u00a0f\u00fcr die Dauer der Mitgliedschaft\u00a0der Eigner\/Steuerleute in deren Besitz. D.h., dass auch bei einem Bootswechsel die Nummer erhalten bleibt. Die Formula16 Klassenvereinigung ver\u00f6ffentlich hier eine Liste &hellip; <a href=\"https:\/\/wasserschach.de\/?page_id=65\">Weiterlesen <span class=\"meta-nav\">&rarr;<\/span><\/a><\/p>\n","protected":false},"author":94,"featured_media":0,"parent":0,"menu_order":0,"comment_status":"closed","ping_status":"closed","template":"","meta":{"footnotes":""},"class_list":["post-65","page","type-page","status-publish","hentry"],"jetpack_sharing_enabled":true,"jetpack_shortlink":"https:\/\/wp.me\/P4dRKc-13","jetpack_likes_enabled":true,"jetpack-related-posts":[],"_links":{"self":[{"href":"https:\/\/wasserschach.de\/index.php?rest_route=\/wp\/v2\/pages\/65","targetHints":{"allow":["GET"]}}],"collection":[{"href":"https:\/\/wasserschach.de\/index.php?rest_route=\/wp\/v2\/pages"}],"about":[{"href":"https:\/\/wasserschach.de\/index.php?rest_route=\/wp\/v2\/types\/page"}],"author":[{"embeddable":true,"href":"https:\/\/wasserschach.de\/index.php?rest_route=\/wp\/v2\/users\/94"}],"replies":[{"embeddable":true,"href":"https:\/\/wasserschach.de\/index.php?rest_route=%2Fwp%2Fv2%2Fcomments&post=65"}],"version-history":[{"count":25,"href":"https:\/\/wasserschach.de\/index.php?rest_route=\/wp\/v2\/pages\/65\/revisions"}],"predecessor-version":[{"id":1737,"href":"https:\/\/wasserschach.de\/index.php?rest_route=\/wp\/v2\/pages\/65\/revisions\/1737"}],"wp:attachment":[{"href":"https:\/\/wasserschach.de\/index.php?rest_route=%2Fwp%2Fv2%2Fmedia&parent=65"}],"curies":[{"name":"wp","href":"https:\/\/api.w.org\/{rel}","templated":true}]}}